or of y and 9?
9
Suppose 591 - 231 = -4*z + 4*k, z - 2*k + 89 = 0. Let p = -46 - z. Calculate the greatest common factor of p and 9.
9
Let p = -15 - 12. Let n be -43 + (3 + -1 - 3). Let x = p - n. Calculate the highest common factor of 136 and x.
17
Suppose 4*c - 9*i = -5*i + 8, 1 = -c + 4*i. Let d be -5*(-18 + 0 + c). Let b = 3 - -27. Calculate the highest common divisor of b and d.
15
Suppose -2*r = -k + 14, -11*r + 14*r = -3. Let x = 5 + 3. Calculate the highest common factor of x and k.
4
Let f = -22 + 25. Let i be f/15*-2*-160. What is the highest common factor of i and 8?
8
Let d(n) = -n**3 + 3*n**2 + n + 1. Suppose -7 = f - 2*f - 4*q, 0 = q + 2. Suppose -w = -6*w + f. Let p be d(w). Calculate the highest common factor of 4 and p.
4
Let j(k) = k**2 + k. Let r be j(-4). Calculate the greatest common factor of r and 132.
12
Let l(i) = -4*i**3 - i**2 + 3*i - 6. Let q be l(-3). Calculate the greatest common divisor of 12 and q.
12
Let j = 66 - 61. Calculate the highest common divisor of j and 15.
5
Suppose 2*k + 0*k = 2*y + 72, -3*y + 52 = 2*k. Let o = -17 + k. Suppose -d = d - 12. Calculate the highest common factor of d and o.
3
Let w be ((-1)/(-1))/((-1)/(-108)). Suppose -j = 5*b - 4, 4*b - 4 = -2*j + 4. Suppose b = -4*i + 5*i - 18. What is the highest common divisor of w and i?
18
Let h = -9 + 19. Suppose 53 = -3*v + 383. Calculate the highest common divisor of v and h.
10
Suppose 0 = -l - 5*l + 48. Calculate the greatest common divisor of l and 88.
8
Let s = -7 + 15. What is the greatest common factor of 32 and s?
8
Suppose 0*a + 2*a = 4*d - 126, -d - 5*a + 59 = 0. What is the greatest common factor of 51 and d?
17
Let s(o) = -7*o + 1. Let y(g) = 29*g - 3. Let h(v) = -9*s(v) - 2*y(v). Let z be h(2). Calculate the greatest common factor of 35 and z.
7
Let p be 10/(-3 + 1) + 335. Calculate the highest common factor of 30 and p.
30
Suppose -13*p + 16*p - 3 = 0. What is the greatest common divisor of p and 4?
1
Let j be (1 - -1 - 0)*1. Suppose k - j*k = -52. Suppose -3*d + 15 + 24 = 0. What is the greatest common factor of d and k?
13
Let p be ((-3)/2)/(2/8). Let z be p/(-5)*10/4. Let i be (-1)/z - 8/(-6). Calculate the greatest common divisor of 7 and i.
1
Let w be (5 - 0)*(4 + -3). What is the highest common factor of w and 1?
1
Suppose 28*y = 25*y + 24. Calculate the greatest common divisor of y and 8.
8
Suppose 2*k - i = 33 + 17, -73 = -3*k + i. Let f = k - -21. Suppose 2*p + 30 = 5*r, 2*p + 7 = -r + 1. What is the greatest common divisor of f and r?
4
Suppose 2*y = 13 + 15. What is the highest common divisor of y and 35?
7
Let f be 4 - (-1 - -1)/3. Suppose -f*v - 20 = v. Let g be v/(-14) - 580/(-28). What is the greatest common factor of 3 and g?
3
Suppose 4 = -2*n + 10. Suppose 0 = 5*u - 4*u - 160. Suppose -n*b + u = 2*b. Calculate the highest common factor of 4 and b.
4
Let v = -10 - -10. Suppose 5*a = -2*b - 0 + 119, -4*b + 8 = v. Suppose -5*j = i - 120, 23 - 3 = 4*i. What is the highest common factor of j and a?
23
Let m = 5 - -14. Calculate the highest common divisor of 171 and m.
19
Let d(g) = 2*g - 10. Let b = 13 - 6. Let y be d(b). Suppose -4*m - y*n = -6 - 54, 5*n = -4*m + 55. Calculate the greatest common factor of 2 and m.
2
Suppose 3*m - 63 = 63. Let n be (1 + 0 + 0)*m. Suppose -1 + 7 = v. Calculate the highest common divisor of v and n.
6
Suppose 2*z - 2*o + 348 = 7*z, 1 = -o. What is the greatest common factor of z and 14?
14
Suppose 0 = -3*a - 2*h - 3*h + 52, a = -3*h + 12. Suppose -o + 49 = 2*r, 5*r = 2*o - a - 56. Calculate the greatest common divisor of o and 5.
5
Let w be 4*1 + 42/(-14). Calculate the greatest common factor of 3 and w.
1
Suppose 4*r + 4 = -f, -4*f = 5*r - 4 - 2. Let p be -8 - (0 + (0 - 1)). Let y(q) = -2*q + 6. Let c be y(p). Calculate the greatest common divisor of c and f.
4
Suppose 0 = -2*q + 7*q - 280. Calculate the highest common factor of 8 and q.
8
Let f(m) = m**2 - m - 2. Suppose -3*q = -0*q. Let o be f(q). Let x be -2*(-2 - (-9)/o). What is the greatest common divisor of x and 104?
13
Suppose 0 = 3*y - 28 - 8. Suppose -3*b + 2*u + 64 = -5*b, 3*u = 3*b + 108. Let v = -22 - b. What is the greatest common factor of v and y?
12
Suppose -2*k - b = -158, -4*k + 23 + 295 = b. Calculate the greatest common factor of k and 20.
20
Suppose 10 + 6 = 2*u. Calculate the highest common divisor of 16 and u.
8
Let i = 75 + -50. Calculate the highest common factor of i and 5.
5
Let d be ((-80)/(-6) - 10)*(-6)/(-4). Suppose -2*k = k - 108. Suppose i - 4 = k. Calculate the highest common factor of d and i.
5
Let s be (-3 - 3)*(-18)/4. What is the highest common factor of s and 9?
9
Let m be (-1)/(-1)*-1*91. Let x = 181 + m. Calculate the highest common divisor of x and 10.
10
Let n be 11/(-3)*216/(-4). Let s be ((-8)/6)/((-4)/n). What is the greatest common divisor of 44 and s?
22
Suppose -c + 35 = k + 2*c, -2*k = -5*c - 125. Calculate the highest common factor of 75 and k.
25
Suppose -2*t = 3*c - 8 - 75, -3*t + 125 = 4*c. Let x be (-1 - 28) + (1 - -1). Let l = x + t. Calculate the greatest common factor of 40 and l.
8
Let i(n) = n**3 + 5*n**2 + n - 4. Let v be (-24)/10 - 6/10. Let c be i(v). What is the highest common factor of 77 and c?
11
Suppose -2*v + 13 = -v. What is the greatest common factor of v and 39?
13
Let n(g) = 104*g - 1 + 6 - 4. Let x be n(1). Suppose 4*o = x + 215. Calculate the highest common divisor of o and 10.
10
Let q = -82 - -93. Let j(l) = 2*l**3 - 8*l**2 - 3*l - 5. Let f be j(6). What is the highest common factor of f and q?
11
Let m(d) = 4*d - 4. Let u be (-6)/15*(-13 + -2). Let t be m(u). What is the highest common divisor of t and 80?
20
Suppose -4*z = 5*q - 11, q = -2*q - 2*z + 7. Let c be ((-4)/q)/(1/(-15)). Calculate the greatest common factor of 220 and c.
20
Let m = 377 + -241. Suppose 4*t - 309 + 57 = 0. Suppose -5*n + 75 = 2*c, -2*n - c = 2*n - t. Calculate the greatest common factor of n and m.
17
Let w be 100/6*(-420)/(-25). Calculate the highest common factor of w and 56.
56
Let m be 3 - 3/(6/(-1630)). Let b = -86 - m. Let t be b/(-18) - 4/18. What is the highest common divisor of t and 5?
5
Let t = 8 + -14. Let b be t/2*(-11)/3. What is the greatest common factor of b and 11?
11
Suppose -3*u = -3*x + 201, u + 195 = 3*x - 0*x. Calculate the greatest common factor of 8 and x.
8
Suppose -6*r + 40 = -r. Let t = 18 - -38. What is the highest common factor of t and r?
8
Suppose -3*v + 3*j + 240 = 0, 0*j = 2*v + j - 175. What is the greatest common divisor of v and 17?
17
Suppose -2*b + 38 = -172. Calculate the highest common divisor of b and 15.
15
Let g(s) = s**2 - 4. Let v be g(-4). What is the greatest common factor of 132 and v?
12
Let f = 7 - -20. Let c be 80/(-3)*f/(-4). Suppose u = -u + c. What is the greatest common factor of 10 and u?
10
Let r be -3 + 2 - -65 - 4. Calculate the greatest common divisor of r and 40.
20
Let u(c) = 0 + c + 2*c**3 - 1 + 6*c**3. Let j be u(1). Suppose -2*a + 4*a - 16 = 0. Calculate the highest common factor of a and j.
8
Let o = 1 + 13. What is the greatest common factor of 70 and o?
14
Suppose -2*n - 4*h = 2*n - 44, 4*n - 4*h = 84. What is the highest common divisor of n and 16?
16
Let u = 163 - 115. Let m(p) = 29*p - 4. Let l be m(3). Let r = l - u. Calculate the greatest common divisor of 14 and r.
7
Suppose 0 = 5*k - 15. Let n be 4/k*(-45)/(-6). What is the greatest common divisor of n and 90?
10
Let u(x) = x**2 + 2*x - 1. Let v(y) = -y**2 - 6*y - 6. Let i be v(-4). Let c be u(i). Calculate the greatest common divisor of 21 and c.
7
Suppose -113 = -5*l + 247. Calculate the highest common factor of l and 24.
24
Let y be ((-26)/8)/(2/(-8)). Suppose -15 = -2*r + y. Calculate the greatest common divisor of 70 and r.
14
Suppose -b + 3*w + 9 = -3, 0 = -b - w + 12. Calculate the highest common factor of 42 and b.
6
Let m be (0 - 0) + 1 - -32. Let s be 4 + (1 - 2) - -1. Suppose 3*r + y - 4*y = 78, 0 = s*r + 2*y - 80. What is the greatest common divisor of r and m?
11
Suppose 3*g = -4*j, -4*j - 32 = -5*g - 0*j. Suppose 3*f = 2*b + 32, 4*b = -f + 5*f - 44. Let u = f - g. Calculate the highest common factor of 9 and u.
3
Suppose 6 = -3*n + 18. Suppose n*l - 96 - 72 = 0. What is the greatest common divisor of l and 7?
7
Suppose 0*g + 54 = 2*g. W